{"id":278,"date":"2011-11-01T16:59:39","date_gmt":"2011-11-01T15:59:39","guid":{"rendered":"http:\/\/chappe.ch\/?page_id=278"},"modified":"2019-11-25T18:43:06","modified_gmt":"2019-11-25T17:43:06","slug":"uber-uns","status":"publish","type":"page","link":"https:\/\/chappe.ch\/?page_id=278","title":{"rendered":"\u00fcber uns"},"content":{"rendered":"<p>handarbeit &#171;made in ch&#187;\u00a0 anstatt maschinelle herstellung, einzigartigkeit anstatt massenproduktion, qualitativ hochwertige produkte anstatt billigware, das ist das motto von chappe.ch. f\u00fcr unsere chappen verarbeiten wir edle, nat\u00fcrliche wolle. unsere m\u00fctzen w\u00e4rmen nicht nur die ohren, sondern sind auch modische hingucker und besonderheiten, welche wir mit viel freude und hingabe stricken.<\/p>\n<p>es w\u00fcrde uns sehr freuen, auch sie mit einem accessoire von chappe.ch begl\u00fccken zu d\u00fcrfen.<\/p>\n<p>beatrice von chappe.ch<\/p>\n\n\n<figure class=\"wp-block-image size-thumbnail\"><img loading=\"lazy\" decoding=\"async\" width=\"150\" height=\"150\" src=\"https:\/\/chappe.ch\/wp-content\/uploads\/2019\/11\/P1000877-150x150.jpg\" alt=\"\" class=\"wp-image-977\" srcset=\"https:\/\/chappe.ch\/wp-content\/uploads\/2019\/11\/P1000877-150x150.jpg 150w, https:\/\/chappe.ch\/wp-content\/uploads\/2019\/11\/P1000877-300x300.jpg 300w, https:\/\/chappe.ch\/wp-content\/uploads\/2019\/11\/P1000877.jpg 480w\" sizes=\"auto, (max-width: 150px) 100vw, 150px\" \/><\/figure>\n","protected":false},"excerpt":{"rendered":"<p>handarbeit &#171;made in ch&#187;\u00a0 anstatt maschinelle herstellung, einzigartigkeit anstatt massenproduktion, qualitativ hochwertige produkte anstatt billigware, das ist das motto von chappe.ch. f\u00fcr unsere chappen verarbeiten wir edle, nat\u00fcrliche wolle. unsere m\u00fctzen w\u00e4rmen nicht nur die ohren, sondern sind auch modische hingucker und besonderheiten, welche wir mit viel freude und hingabe stricken. es w\u00fcrde uns sehr [&hellip;]<\/p>\n","protected":false},"author":3,"featured_media":0,"parent":0,"menu_order":0,"comment_status":"open","ping_status":"closed","template":"","meta":{"footnotes":""},"class_list":["post-278","page","type-page","status-publish","hentry"],"_links":{"self":[{"href":"https:\/\/chappe.ch\/index.php?rest_route=\/wp\/v2\/pages\/278","targetHints":{"allow":["GET"]}}],"collection":[{"href":"https:\/\/chappe.ch\/index.php?rest_route=\/wp\/v2\/pages"}],"about":[{"href":"https:\/\/chappe.ch\/index.php?rest_route=\/wp\/v2\/types\/page"}],"author":[{"embeddable":true,"href":"https:\/\/chappe.ch\/index.php?rest_route=\/wp\/v2\/users\/3"}],"replies":[{"embeddable":true,"href":"https:\/\/chappe.ch\/index.php?rest_route=%2Fwp%2Fv2%2Fcomments&post=278"}],"version-history":[{"count":10,"href":"https:\/\/chappe.ch\/index.php?rest_route=\/wp\/v2\/pages\/278\/revisions"}],"predecessor-version":[{"id":979,"href":"https:\/\/chappe.ch\/index.php?rest_route=\/wp\/v2\/pages\/278\/revisions\/979"}],"wp:attachment":[{"href":"https:\/\/chappe.ch\/index.php?rest_route=%2Fwp%2Fv2%2Fmedia&parent=278"}],"curies":[{"name":"wp","href":"https:\/\/api.w.org\/{rel}","templated":true}]}}